is the units digit of i(p)?
1
Suppose 0 = -5*i + 44 + 56. Suppose 4*b = -0 + i. What is the units digit of b?
5
Let l(d) = d**2 - 16*d - 4. What is the units digit of l(18)?
2
Let s(x) = 7*x**3 - x**3 - 2 + 2*x - 2*x**3. Let o be s(2). Suppose 2*i = -j + 3*j - 12, -i = -5*j + o. What is the units digit of j?
7
Let o be 2*-1 - (-9 + -28). Let v = o - 9. What is the units digit of v?
6
Let y be (-2)/7 + 52/(-14). Let k(x) = -8*x + 3. Let i be k(y). Suppose 4*l - i = -l. What is the units digit of l?
7
Suppose -5*s = -4*s - 8. Suppose 68 = 5*j + s. What is the tens digit of j?
1
Let o = 20 - 18. Suppose 230 = -o*r + 7*r. What is the tens digit of r?
4
Let x(a) = -a**3 + 2*a**2 - 2*a + 1. Let r be x(1). Suppose 5*d - 3*d - 24 = r. What is the tens digit of d?
1
What is the hundreds digit of (2 - (-7)/(-3))*(-2853)/3?
3
Suppose -7*z = -802 + 263. What is the tens digit of z?
7
Let y = 168 - -245. What is the tens digit of y?
1
Let v(q) = 12*q + 22. What is the units digit of v(6)?
4
Let f = 10 - 9. Let w(u) = 27*u - 1. What is the units digit of w(f)?
6
Let i(s) be the first derivative of s**6/360 - s**5/20 - s**4/24 + 2*s**3/3 - 3. Let h(r) be the third derivative of i(r). What is the units digit of h(7)?
6
What is the tens digit of ((-1)/3)/(7/(-483))?
2
Let q(v) = -3*v - 5. Let i be q(3). Let x(f) = -f**2 - 13*f + 15. What is the units digit of x(i)?
1
Suppose 0 = -3*b + 12 - 3. What is the units digit of 13/(0 - (-3)/b)?
3
Let g = -11 - -32. Let c = g - 10. Suppose -4*h + c = -1. What is the units digit of h?
3
Suppose q = 3 + 4. Suppose 0*s = s - q. What is the units digit of s?
7
Let h(v) = -4*v - 1. Let j be h(-7). Let w = j - 9. What is the units digit of w?
8
Suppose -30 = -7*c + 2*c. Suppose 2*a - 5*a = 4*r - 26, 2*a = 2*r - c. Suppose r*h - 2*h = 9. What is the units digit of h?
3
Let m(b) = -1 + 15*b**2 - 113*b + 113*b. What is the tens digit of m(-1)?
1
Let s be (-4)/6*-3 + 0. Let c(a) = 3*a**2 + 1. What is the tens digit of c(s)?
1
Let j(z) = -7*z**2 + 4*z**2 + 4*z**2. What is the units digit of j(4)?
6
Let p be (-1)/((-8)/(-3) + -3). Suppose 10 = 4*g - 2*r, -p*g + 10 = -2*r - 2*r. Suppose y + 1 = 4*m, y + 4*m - g*m = 17. What is the units digit of y?
1
Let y(c) = c**2 + c - 1. Let h be y(2). Suppose 6*i - 3*i = -15, 4*q = -i - h. Suppose -k + q + 8 = 0. What is the units digit of k?
8
Suppose 4*m + 4*h = 16, 0 = -2*m - 3*m + 4*h + 20. Suppose 5*g = m*g + 5. What is the units digit of g?
5
Let k be 20/70 - (-425)/7. Let y = -30 + k. What is the units digit of y?
1
Suppose -k - 5*a = 4*k - 445, -2*a = 0. Let j = k + -58. What is the units digit of j?
1
Let u = 139 + -78. What is the units digit of u?
1
Let j = 2 - 9. What is the units digit of -12*((-63)/(-6))/j?
8
Suppose 7*f = 6*f + 4. Suppose -2*q + 1 = -5*m, -2*m - 4 = 2*q - f*q. What is the units digit of q?
3
Let u(n) = -10*n + 1. Let a be u(3). Let q = -1 - a. What is the tens digit of q?
2
Suppose -3*h + 7*h = 2*l + 430, 3*h - l = 321. What is the units digit of h?
6
Let a(i) = -6*i**2 + 3*i + 1. Let g be a(4). Let t = -47 - g. What is the units digit of t?
6
Suppose -5*a = 4*n - 7 - 16, 0 = -n - 4*a + 14. Suppose 16 = -n*w + 40. What is the units digit of w?
2
Suppose -2*m = -161 - 7. What is the tens digit of m?
8
What is the units digit of ((-380)/30)/(2 - (-32)/(-15))?
5
What is the tens digit of 12/3 + 104/4?
3
Let y(v) = -v**3 - 3*v**2 + 4*v + 3. Let r(f) = -f + 1. Let i be r(6). What is the tens digit of y(i)?
3
Suppose -2*c + c = -34. Suppose 4*q = -l + 22, 2*l - 10 = -4*q + 14. Suppose -q*y = -1 - c. What is the units digit of y?
7
Suppose 10*k - 832 = 2*k. What is the tens digit of k?
0
Suppose s = -0*s - 1, -3*f + 4*s + 19 = 0. Suppose -3*k = f*v - 32, 0*k - 2*k = -2*v. Let i = -2 + v. What is the units digit of i?
2
Let y be (6/(-3) - 8) + 3. What is the units digit of (-2)/(-7) - 33/y?
5
Let b(y) = y**2 - 7*y - 30. What is the units digit of b(15)?
0
Let p(r) = 2*r - 1. Let j(w) = -w. Let y(c) = -4*j(c) + p(c). Let q be y(4). Let x = q + -6. What is the tens digit of x?
1
Let p be 1 + 12 - (-3 - -4). What is the tens digit of 94/4 + (-18)/p?
2
Let p(y) = 15*y**2 + 2. Let l(h) = -8*h**2 - 1. Let q(f) = 7*l(f) + 4*p(f). What is the units digit of q(1)?
5
Let k be 1/(((-2)/(-14))/1). Let c(p) = p - 7. Let r be c(k). Suppose 0 = 2*b - r - 20. What is the tens digit of b?
1
Let v = -15 - -9. Let c = 9 + v. What is the units digit of (28/(c - 1))/2?
7
Let f = 0 + 2. Let y(m) = -m + 16. Let w be y(12). Suppose f + 2 = w*z. What is the units digit of z?
1
Let g(y) = 3*y - 3. Let r be g(-6). Let k be 2/(-10) + r/(-5). Suppose j - 25 = -2*v, -k*v = -j + 8 - 61. What is the units digit of v?
3
What is the units digit of (34/3)/((-14)/(-84))?
8
Suppose 157 - 17 = 2*x. What is the tens digit of x?
7
What is the units digit of (6/(-4))/(3/(-68))?
4
Let v = -10 - -7. What is the units digit of v + 2 + (0 - -4)?
3
Suppose -k - 3*k = -16. Suppose t = k*t. Suppose 3*y + 4*h = 13, t*h - 3*h + 15 = 3*y. What is the units digit of y?
7
Suppose -9*u = -14*u. Suppose u = 15*w - 11*w - 192. What is the tens digit of w?
4
Suppose 12*z = 19*z - 833. What is the units digit of z?
9
Let t be -5*2*(-4)/(-10). Let d = t - -7. Let g = 9 - d. What is the units digit of g?
6
Let o be ((-2)/(-3))/(6/45). Suppose -8 = -o*c + c. Suppose -6*g + 2*g = s - 22, -c*s + 9 = g. What is the units digit of g?
5
Let j(l) = l**2 - 9*l - 16. What is the units digit of j(12)?
0
Let g(q) = -2*q**2 - 3*q - 1. Let i be g(-2). What is the units digit of (2/i)/((-2)/36)?
2
Let f be (-496)/(-10) - 2/(-5). Let c = f + -24. Suppose -5*x = -w - 21, 0 = -2*x - 0*x - 4*w + c. What is the units digit of x?
5
Suppose -20 = -7*c + 2*c. What is the units digit of 35/2 + 2/c?
8
Suppose -8*l + 4*l = 0. Let r(p) = -p**2 + p + 20. What is the tens digit of r(l)?
2
Let s(i) = -i + 7. Suppose 3*t + 0*w - 4*w = 19, -3*w + 12 = 3*t. What is the units digit of s(t)?
2
What is the units digit of (-768)/(-8)*(-2)/(-4)?
8
Let y = -16 + 18. Suppose -174 = -4*v + 2*g, y*g = v - 53 + 14. What is the tens digit of v?
4
Let f = -3 + 0. What is the units digit of ((-3)/f)/((-4)/(-72))?
8
Suppose -3*t - 128 = -5*t. Let n = t + -45. Suppose -n + 3 = -4*p. What is the units digit of p?
4
Suppose -430 = -2*y + 7*y. What is the tens digit of y/(-4) + 6/(-4)?
2
Suppose 3*h + 3*q = q + 4, -4*h + 8 = 2*q. Suppose h*o = d + 40, 32 = 5*o - 3*d - 11. Suppose 3*l - 4 - o = 0. What is the units digit of l?
5
Suppose 2*d = 4*h - 40, 16 = -d + 3*h - 5*h. Let r = -5 - d. What is the tens digit of r?
1
Suppose 6*v - 2*v = 8. Suppose -12 = -v*u + 2*d, -5*u + 33 = -4*d + 2. What is the units digit of u?
7
Suppose b = -5*r + 752 + 139, -2*b = 4*r - 714. What is the tens digit of r?
7
Let z be (0 + -22)/((-2)/4). What is the units digit of (-1)/(-4) + z/16?
3
Let r(k) = 18*k - 13. What is the tens digit of r(4)?
5
Let r = 111 - -196. What is the tens digit of r?
0
Let t = 3 + 3. Suppose 5 = -r + t*r. What is the units digit of r?
1
Let b be 3/(6/(-10))*-1. Suppose -3*n + t + 126 = 0, 2*t = -b*n + 7*t + 210. What is the units digit of n?
2
Let p(t) = -4*t - 5*t - 4 + 4*t + t**2 + 0*t. What is the units digit of p(7)?
0
What is the tens digit of -2*12/(-8) + (0 - -78)?
8
What is the units digit of 0 - (34*-1 + -2)?
6
Let j(o) = 6*o**2 + 4. What is the units digit of j(3)?
8
Suppose -4*n + 96 = -n. What is the tens digit of n?
3
Suppose 4*x - 3*x - 18 = 0. Suppose -1 + x = b. What is the tens digit of b?
1
Suppose 0 = -4*p + 5*b - 84, -2*p = -p + 3*b + 38. Let y(s) = -2*s**2 + 4*s - 2. Let v be y(3). Let i = v - p. What is the units digit of i?
8
Let b(g) = -g**3 - 3*g**2 + 2*g - 4. Let d be b(-4). Suppose -12 + 0 = -d*z. Suppose -5*n - z = -3*p + p, 25 = 5*n. What is the units digit of p?
4
Let i = 3 - -1. Suppose -2*n + 7 + 3 = 4*l, -i*l + 13 = n. Let w = l - 1. What is the units digit of w?
3
Suppose 16 + 20 = -3*u. Let x = -7 - u. What is the units digit of x?
5
What is the tens digit of -1 + (-300)/(-4) - (-4)/4?
7
Let n be (-23)/((15/(-9))/(-5)). Let u = -30 - n. What is the units digit of u?
9
Let m(d) = d**3 - 6*d**2 + 4*d + 3. Let t be m(5). What is the units digit of 5 - 1/(t/(-4))?
3
Let c be 2*(-3)/(-18)*9. Let i(k) = 6*k + 4. What is the tens digit of